{"id":18,"date":"2025-09-04T10:16:01","date_gmt":"2025-09-04T10:16:01","guid":{"rendered":"https:\/\/ahogozo.com\/?page_id=18"},"modified":"2025-09-04T10:16:02","modified_gmt":"2025-09-04T10:16:02","slug":"politique-de-confidentialite","status":"publish","type":"page","link":"https:\/\/ahogozo.com\/index.php\/politique-de-confidentialite\/","title":{"rendered":"Politique de confidentialit\u00e9"},"content":{"rendered":"\n<div class=\"wp-block-group alignfull is-layout-flow wp-container-core-group-is-layout-f9cb6abc wp-block-group-is-layout-flow\" style=\"margin-top:0;margin-bottom:0\">\n<div class=\"wp-block-columns alignfull is-style-section-2 is-layout-flex wp-container-core-columns-is-layout-d9884270 wp-block-columns-is-layout-flex is-style-section-2--1\" style=\"padding-top:0;padding-bottom:0\">\n<div class=\"wp-block-column is-layout-flow wp-block-column-is-layout-flow\" style=\"flex-basis:50%\">\n<div class=\"wp-block-group is-style-section-1 has-base-background-color has-background is-vertical is-content-justification-stretch is-layout-flex wp-container-core-group-is-layout-098fff0a wp-block-group-is-layout-flex is-style-section-1--2\" style=\"min-height:33vh;padding-top:var(--wp--preset--spacing--50);padding-right:var(--wp--preset--spacing--50);padding-bottom:var(--wp--preset--spacing--50);padding-left:var(--wp--preset--spacing--50)\">\n<p>AHOGOZO respecte votre vie priv\u00e9e et nous nous engageons \u00e0 prot\u00e9ger vos donn\u00e9es personnelles.<\/p>\n\n\n\n<h3 class=\"wp-block-heading\">Donn\u00e9es collect\u00e9es<\/h3>\n\n\n\n<p>Notre site \u00e9tant de nature statique, nous ne collectons aucune donn\u00e9e personnelle automatiquement, \u00e0 l\u2019exception des informations que vous nous fournissez volontairement via :<\/p>\n\n\n\n<ul class=\"wp-block-list\">\n<li><strong>Formulaire de contact<\/strong> : nom, adresse e-mail et message.<br>Ces donn\u00e9es sont utilis\u00e9es uniquement pour r\u00e9pondre \u00e0 votre demande.<\/li>\n<\/ul>\n\n\n\n<h3 class=\"wp-block-heading\">Statistiques et cookies<\/h3>\n\n\n\n<p>Nous utilisons <strong>Google Analytics<\/strong> pour analyser la fr\u00e9quentation du site. Cela peut impliquer l\u2019utilisation de cookies d\u00e9pos\u00e9s sur votre appareil.<br>Vous pouvez refuser les cookies en configurant votre navigateur.<\/p>\n\n\n\n<h3 class=\"wp-block-heading\">Partage des donn\u00e9es<\/h3>\n\n\n\n<p>Nous ne vendons, louons ou \u00e9changeons aucune donn\u00e9e personnelle avec des tiers.<br>Les donn\u00e9es transmises via le formulaire sont trait\u00e9es exclusivement par notre \u00e9quipe et ne sont pas communiqu\u00e9es \u00e0 d\u2019autres destinataires.<\/p>\n\n\n\n<h3 class=\"wp-block-heading\">Vos droits<\/h3>\n\n\n\n<p>Conform\u00e9ment au <strong>RGPD<\/strong>, vous disposez d\u2019un droit d\u2019acc\u00e8s, de rectification, d\u2019effacement et d\u2019opposition concernant vos donn\u00e9es personnelles.<br>Pour exercer ces droits, contactez-nous \u00e0 : <strong>direction@ahogozo.com<\/strong>.<\/p>\n\n\n\n<h3 class=\"wp-block-heading\">Responsable du traitement<\/h3>\n\n\n\n<p><strong>AHOGOZO<\/strong><br><strong>355 route d&rsquo;Ithola<\/strong><br><strong>64220 Lasse<\/strong><br><strong><strong>direction@ahogozo.com<\/strong><\/strong><\/p>\n\n\n\n<div style=\"height:0px\" aria-hidden=\"true\" class=\"wp-block-spacer wp-container-content-6388d5dc\"><\/div>\n<\/div>\n<\/div>\n\n\n\n<div class=\"wp-block-column is-style-section-1 has-base-background-color has-background is-layout-flow wp-block-column-is-layout-flow is-style-section-1--3\" style=\"flex-basis:50%\">\n<figure class=\"wp-block-image size-large\"><img loading=\"lazy\" decoding=\"async\" width=\"1024\" height=\"545\" src=\"https:\/\/ahogozo.com\/wp-content\/uploads\/2025\/09\/politique-de-confidentialite-1024x545.jpg\" alt=\"\" class=\"wp-image-19\" srcset=\"https:\/\/ahogozo.com\/wp-content\/uploads\/2025\/09\/politique-de-confidentialite-1024x545.jpg 1024w, https:\/\/ahogozo.com\/wp-content\/uploads\/2025\/09\/politique-de-confidentialite-300x160.jpg 300w, https:\/\/ahogozo.com\/wp-content\/uploads\/2025\/09\/politique-de-confidentialite-768x409.jpg 768w, https:\/\/ahogozo.com\/wp-content\/uploads\/2025\/09\/politique-de-confidentialite-1536x818.jpg 1536w, https:\/\/ahogozo.com\/wp-content\/uploads\/2025\/09\/politique-de-confidentialite-2048x1090.jpg 2048w\" sizes=\"auto, (max-width: 1024px) 100vw, 1024px\" \/><\/figure>\n<\/div>\n<\/div>\n<\/div>\n","protected":false},"excerpt":{"rendered":"<p>AHOGOZO respecte votre vie priv\u00e9e et nous nous engageons \u00e0 prot\u00e9ger vos donn\u00e9es personnelles. Donn\u00e9es collect\u00e9es Notre site \u00e9tant de nature statique, nous ne collectons aucune donn\u00e9e personnelle automatiquement, \u00e0 l\u2019exception des informations que vous nous fournissez volontairement via : Statistiques et cookies Nous utilisons Google Analytics pour analyser la fr\u00e9quentation du site. Cela peut [&hellip;]<\/p>\n","protected":false},"author":1,"featured_media":0,"parent":0,"menu_order":0,"comment_status":"closed","ping_status":"closed","template":"","meta":{"footnotes":""},"class_list":["post-18","page","type-page","status-publish","hentry"],"_links":{"self":[{"href":"https:\/\/ahogozo.com\/index.php\/wp-json\/wp\/v2\/pages\/18","targetHints":{"allow":["GET"]}}],"collection":[{"href":"https:\/\/ahogozo.com\/index.php\/wp-json\/wp\/v2\/pages"}],"about":[{"href":"https:\/\/ahogozo.com\/index.php\/wp-json\/wp\/v2\/types\/page"}],"author":[{"embeddable":true,"href":"https:\/\/ahogozo.com\/index.php\/wp-json\/wp\/v2\/users\/1"}],"replies":[{"embeddable":true,"href":"https:\/\/ahogozo.com\/index.php\/wp-json\/wp\/v2\/comments?post=18"}],"version-history":[{"count":1,"href":"https:\/\/ahogozo.com\/index.php\/wp-json\/wp\/v2\/pages\/18\/revisions"}],"predecessor-version":[{"id":20,"href":"https:\/\/ahogozo.com\/index.php\/wp-json\/wp\/v2\/pages\/18\/revisions\/20"}],"wp:attachment":[{"href":"https:\/\/ahogozo.com\/index.php\/wp-json\/wp\/v2\/media?parent=18"}],"curies":[{"name":"wp","href":"https:\/\/api.w.org\/{rel}","templated":true}]}}